e prime factors of 323.
17, 19
What are the prime factors of 26508?
2, 3, 47
List the prime factors of 5401.
11, 491
What are the prime factors of 5516?
2, 7, 197
List the prime factors of 394.
2, 197
What are the prime factors of 106511?
43, 2477
What are the prime factors of 25627?
7, 523
What are the prime factors of 3715?
5, 743
What are the prime factors of 8535?
3, 5, 569
List the prime factors of 1549.
1549
What are the prime factors of 42930?
2, 3, 5, 53
What are the prime factors of 23572?
2, 71, 83
What are the prime factors of 6872?
2, 859
List the prime factors of 540.
2, 3, 5
What are the prime factors of 266?
2, 7, 19
List the prime factors of 3846.
2, 3, 641
List the prime factors of 923.
13, 71
What are the prime factors of 5766?
2, 3, 31
List the prime factors of 1003.
17, 59
What are the prime factors of 2203?
2203
List the prime factors of 15981.
3, 7, 761
What are the prime factors of 79199?
29, 2731
What are the prime factors of 1295?
5, 7, 37
What are the prime factors of 6283?
61, 103
What are the prime factors of 3045?
3, 5, 7, 29
List the prime factors of 878.
2, 439
List the prime factors of 233.
233
List the prime factors of 9655.
5, 1931
List the prime factors of 2616.
2, 3, 109
List the prime factors of 13812.
2, 3, 1151
What are the prime factors of 2208?
2, 3, 23
What are the prime factors of 53550?
2, 3, 5, 7, 17
What are the prime factors of 1434?
2, 3, 239
What are the prime factors of 209?
11, 19
List the prime factors of 6255.
3, 5, 139
What are the prime factors of 6806?
2, 41, 83
List the prime factors of 19770.
2, 3, 5, 659
List the prime factors of 7748.
2, 13, 149
List the prime factors of 1038.
2, 3, 173
What are the prime factors of 25668?
2, 3, 23, 31
List the prime factors of 793.
13, 61
List the prime factors of 1146.
2, 3, 191
List the prime factors of 26055.
3, 5, 193
List the prime factors of 5504.
2, 43
What are the prime factors of 512?
2
List the prime factors of 1337.
7, 191
List the prime factors of 1318.
2, 659
List the prime factors of 7627.
29, 263
What are the prime factors of 922?
2, 461
List the prime factors of 18585.
3, 5, 7, 59
What are the prime factors of 1169?
7, 167
What are the prime factors of 1775?
5, 71
List the prime factors of 21599.
21599
List the prime factors of 40197.
3, 13399
List the prime factors of 3924.
2, 3, 109
What are the prime factors of 54625?
5, 19, 23
What are the prime factors of 6458?
2, 3229
List the prime factors of 11314.
2, 5657
What are the prime factors of 2241?
3, 83
List the prime factors of 8584.
2, 29, 37
List the prime factors of 36.
2, 3
What are the prime factors of 14372?
2, 3593
What are the prime factors of 2142?
2, 3, 7, 17
List the prime factors of 56248.
2, 79, 89
What are the prime factors of 286?
2, 11, 13
List the prime factors of 93827.
93827
List the prime factors of 29472.
2, 3, 307
What are the prime factors of 297?
3, 11
List the prime factors of 5804.
2, 1451
List the prime factors of 4128.
2, 3, 43
List the prime factors of 14886.
2, 3, 827
What are the prime factors of 963?
3, 107
What are the prime factors of 4335?
3, 5, 17
What are the prime factors of 197?
197
List the prime factors of 20296.
2, 43, 59
What are the prime factors of 9148?
2, 2287
List the prime factors of 7786.
2, 17, 229
What are the prime factors of 6275?
5, 251
List the prime factors of 774.
2, 3, 43
What are the prime factors of 28350?
2, 3, 5, 7
What are the prime factors of 161512?
2, 13, 1553
List the prime factors of 6619.
6619
List the prime factors of 11909.
11909
What are the prime factors of 93?
3, 31
What are the prime factors of 1435?
5, 7, 41
What are the prime factors of 2597?
7, 53
List the prime factors of 85811.
11, 29, 269
List the prime factors of 1156.
2, 17
List the prime factors of 564.
2, 3, 47
What are the prime factors of 68392?
2, 83, 103
List the prime factors of 42785.
5, 43, 199
What are the prime factors of 6096?
2, 3, 127
What are the prime factors of 5817?
3, 7, 277
What are the prime factors of 13058?
2, 6529
What are the prime factors of 1846?
2, 13, 71
What are the prime factors of 46061?
46061
What are the prime factors of 56932?
2, 43, 331
What are the prime factors of 7022?
2, 3511
List the prime factors of 4034.
2, 2017
What are the prime factors of 2663?
2663
List the prime factors of 92419.
92419
List the prime factors of 95859.
3, 10651
List the prime factors of 2116.
2, 23
What are the prime factors of 260?
2, 5, 13
What are the prime factors of 45040?
2, 5, 563
What are the prime factors of 14572?
2, 3643
What are the prime factors of 328?
2, 41
List the prime factors of 738.
2, 3, 41
What are the prime factors of 11486?
2, 5743
List the prime factors of 57793.
57793
What are the prime factors of 2283?
3, 761
What are the prime factors of 113736?
2, 3, 7, 677
What are the prime factors of 6661?
6661
What are the prime factors of 4530?
2, 3, 5, 151
List the prime factors of 1216.
2, 19
List the prime factors of 1676.
2, 419
What are the prime factors of 8644?
2, 2161
List the prime factors of 179.
179
List the prime factors of 2431.
11, 13, 17
What are the prime factors of 43327?
37, 1171
What are the prime factors of 107838?
2, 3, 1997
List the prime factors of 3336.
2, 3, 139
What are the prime factors of 3539?
3539
What are the prime factors of 27917?
27917
What are the prime factors of 1687?
7, 241
List the prime factors of 22461.
3, 7487
List the prime factors of 160265.
5, 7, 19, 241
List the prime factors of 1515.
3, 5, 101
What are the prime factors of 1502?
2, 751
What are the prime factors of 8054?
2, 4027
List the prime factors of 5546.
2, 47, 59
What are the prime factors of 102569?
109, 941
List the prime factors of 74407.
37, 2011
List the prime factors of 628.
2, 157
What are the prime factors of 13969?
61, 229
List the prime factors of 4980.
2, 3, 5, 83
List the prime factors of 770.
2, 5, 7, 11
List the prime factors of 6902.
2, 7, 17, 29
List the prime factors of 45235.
5, 83, 109
What are the prime factors of 5318?
2, 2659
What are the prime factors of 79068?
2, 3, 11, 599
What are the prime factors of 583?
11, 53
List the prime factors of 1565.
5, 313
What are the prime factors of 4315?
5, 863
List the prime factors of 2545.
5, 509
List the prime factors of 109661.
109661
List the prime factors of 1659.
3, 7, 79
What are the prime factors of 1258?
2, 17, 37
List the prime factors of 37178.
2, 29, 641
What are the prime factors of 694?
2, 347
What are the prime factors of 1371?
3, 457
List the prime factors of 3347.
3347
What are the prime factors of 22279?
22279
List the prime factors of 1340.
2, 5, 67
List the prime factors of 6407.
43, 149
List the prime factors of 44521.
211
List the prime factors of 759.
3, 11, 23
List the prime factors of 804.
2, 3, 67
What are the prime factors of 6287?
6287
What are the prime factors of 186?
2, 3, 31
List the prime factors of 10054.
2, 11, 457
List the prime factors of 1976.
2, 13, 19
What are the prime factors of 734?
2, 367
List the prime factors of 7966.
2, 7, 569
List the prime factors of 2024.
2, 11, 23
List the prime factors of 2711.
2711
List the prime factors of 2064.
2, 3, 43
What are the prime factors of 734?
2, 367
List the prime factors of 10370.
2, 5, 17, 61
List the prime factors of 12800.
2, 5
What are the prime factors of 1375?
5, 11
List the prime factors of 1039.
1039
What are the prime factors of 73125?
3, 5, 13
List the prime factors of 3558.
2, 3, 593
What are the prime factors of 181?
181
List the prime factors of 9293.
9293
List the prime factors of 5068.
2, 7, 181
What are the prime factors of 17152?
2, 67
What are the prime factors of 20565?
3, 5, 457
List the prime factors of 9268.
2, 7, 331
What are the prime factors of 392?
2, 7
What are the prime factors of 1923?
3, 641
What are the prime factors of 28515?
3, 5, 1901
List the prime factors of 15165.
3, 5, 337
List the prime factors of 908.
2, 227
What are the prime factors of 2494?
2, 29, 43
List the prime factors of 13851.
3, 19
List the prime factors of 9722.
2, 4861
What are the prime factors of 600?
2, 3, 5
What are the prime factors of 835?
5, 167
What are the prime factors of 2797?
2797
List the prime factors of 9909.
3, 367
What are the prime factors of 8755?
5